
True
Let y = 496 - 499. Does 77 divide 10/(-1)*(-33 - (5 - y))?
False
Let p(l) = -13*l + 7. Let x(h) = 20*h - 10. Let s(b) = -8*p(b) - 5*x(b). Let j(y) = -2*y**2 + 43*y - 144. Let n be j(17). Does 6 divide s(n)?
True
Does 6 divide (-8)/(-10) + (-223626)/(-705)?
True
Let u = 50 - 30. Let y = 5 + u. Let z = y + -4. Does 2 divide z?
False
Let j(w) = 12*w - 58. Let m be j(28). Suppose -3*q + l = -1145 - m, 0 = 4*l - 20. Is 34 a factor of q?
True
Let x(v) be the third derivative of 0 + 0*v - 1/15*v**5 + 1/6*v**4 + 2/3*v**3 - 7*v**2 - 1/120*v**6. Does 13 divide x(-6)?
True
Let y(p) = 17*p**2 + 218*p + 12. Is y(-25) a multiple of 21?
True
Suppose -z - 36 = -3*f, 5*z + 8*f + 260 = 3*f. Does 2 divide (-2 + -10)/(201/z - -4)?
True
Suppose 709*j + 11832 = 767*j. Does 4 divide j?
True
Let s = 244 - 173. Suppose -j + 3*b = -s, 4*b - 148 = -2*j + 8*b. Is 10 a factor of j?
True
Let b(m) = m**3 + 40*m + 9222. Does 67 divide b(0)?
False
Let m(o) = -7*o**3 + o**2 + 3*o + 3. Let v be m(-1). Suppose v - 28 = -4*f. Suppose 35 = -f*i + 235. Is i a multiple of 10?
True
Suppose 0 = 5*n + 19 - 34. Let r be ((-30)/(-25))/(n/160). Let l = r - 8. Is 3 a factor of l?
False
Let i(d) = -15*d**2 + 5*d - 4. Let o(m) = -15*m**2 + 5*m - 4. Let y(j) = -3*i(j) + 2*o(j). Let f be y(1). Does 11 divide ((-5)/(5/(-3)))/(3/f)?
False
Let z(o) = 1532*o - 9546. Is 3 a factor of z(7)?
False
Let s(h) = -5*h + 181. Let r(i) = i + 2. Let v(y) = 4*r(y) - s(y). Is v(40) a multiple of 11?
True
Suppose -25*v = -27*v - 30. Is (3/v + 1)/((-6)/(-555)) a multiple of 8?
False
Let u(y) = 12*y + 16188. Does 138 divide u(145)?
False
Let s = -30748 - -65292. Is 34 a factor of s?
True
Let w be 7/((-126)/30)*3. Is 42 a factor of (20/(-8))/(w/190)?
False
Let z(m) = -m**2 - 8*m - 2 + 0 - 3*m**2 + 3*m**2. Let g be z(7). Let i = g + 194. Is 25 a factor of i?
False
Let u = -3250 - -5554. Is 9 a factor of u?
True
Let u = 204 - 202. Suppose -a - 2*q = -365, 5*a + u*q - 1527 = 330. Does 22 divide a?
False
Let n(k) = -100*k + 9436. Does 3 divide n(43)?
True
Suppose -25 = 5*l - s + 64, -2*s - 2 = 0. Is 23 a factor of (-5 + l)/((-2)/16)?
True
Let j(t) = 488*t**2 + 61*t - 598. Does 64 divide j(8)?
False
Let j(z) = z**3 + 14*z**2 - 3*z - 31. Let q be j(-14). Suppose -3373 + 238 = -q*a. Does 6 divide a?
False
Suppose 0 = -3*f - 2*t + 7*t + 19, 18 = 2*f + 2*t. Suppose -f*d + 28 = 6*d. Suppose -d*n - n = -234. Is n a multiple of 13?
True
Let p = 42 - 40. Suppose a - 20 = -4*a + 5*y, -p*y = 3*a - 37. Suppose -96 = a*j - 11*j. Is j a multiple of 16?
True
Suppose -3*u + 3*y + 24 = 0, 7*y - 2*y + 15 = 0. Let n be (6/(-5))/(23/u + -5). Suppose 4*d - n*p + 7 = 113, 5*d - 130 = 5*p. Does 6 divide d?
False
Suppose -4*k + 3*h - 7856 = -9*k, -3*h = -6*k + 9447. Does 143 divide k?
True
Suppose -23*d = 39704 - 260964. Is 37 a factor of d?
True
Let j be 4/14 - 2600/(-14). Suppose 69*q + 2583 + 739 = -2612. Let f = q + j. Is f a multiple of 25?
True
Let g(j) = -2585*j + 2273. Is 147 a factor of g(-20)?
False
Let b(i) = -i**3 + 8*i**2 - 8*i + 11. Let u be b(7). Suppose -12 = -u*m, 2*n = -m + 56 + 143. Is 14 a factor of n?
True
Suppose 2*m = -2*w + 14640, m + 9*w - 7319 = 7*w. Does 132 divide m?
False
Suppose 9*m = -8818 + 104920 - 19575. Is m a multiple of 98?
False
Let x(l) = -2*l**2 + 5*l + 35. Let q(d) = -d**2 + 3*d + 17. Let m(f) = -5*q(f) + 3*x(f). Let y be m(0). Suppose 16*z = y*z - 640. Is z a multiple of 20?
True
Suppose -37*j = -38*j + 4. Suppose -9*w + 138 = -j*w + 4*x, w - 20 = 3*x. Does 4 divide w?
False
Suppose 2 = -5*k - i, i + 0*i + 2 = 5*k. Suppose 4*h - 20 = 0, k = 5*a + 3*h - 4 + 9. Is 36/((-5)/20*a) a multiple of 6?
True
Suppose -16 = -3*a - a. Suppose a*d + 10*d - 70 = 0. Suppose -218 = -d*i - 2*o, -o - 4*o = 5*i - 215. Does 6 divide i?
False
Let d(f) be the first derivative of -1/4*f**4 - 3 + 57/2*f**2 + 26*f + 26/3*f**3. Is d(28) a multiple of 9?
True
Let q = 9390 - 3404. Does 146 divide q?
True
Suppose 75*z - 77*z - 5*q = 79, 4*q + 20 = 0. Suppose -y - 4*p = -4*y - 92, 0 = -5*y + 4*p - 164. Let i = z - y. Is i a multiple of 9?
True
Let n(x) be the second derivative of -x**4/12 + 10*x**3/3 - 10*x**2 - 2583*x. Let i(a) = -5*a - 1. Let u be i(-2). Does 15 divide n(u)?
False
Let f = -177 - -199. Suppose -12 = -l - 2*g, -3*g + 41 = 4*l - f. Is 4 a factor of l?
False
Suppose -69*f + 30336 + 27003 = 0. Does 4 divide f?
False
Let r be (-1 + -2)/(15/(-50)). Suppose -2*x = -r, 11*i + 3*x = 14*i - 417. Does 9 divide i?
True
Let r(d) = d**2 - 25*d + 27. Let c be r(24). Suppose o - c*o - 3*n + 321 = 0, -498 = -3*o + n. Suppose -o = -2*m + 5*i, 4*m - 5*i - 390 = -m. Does 15 divide m?
True
Suppose -172404 - 35064 = -18*p. Does 39 divide p?
False
Suppose -523286 = -37*h + 22464. Is 59 a factor of h?
True
Let v(b) = 674*b**3 + 10*b**2 - 6*b - 2. Let h(x) = -674*x**3 - 8*x**2 + 6*x + 3. Let u(w) = 5*h(w) + 4*v(w). Is u(-1) a multiple of 15?
True
Let j = 2351 - 4724. Let g = 3653 + j. Is g a multiple of 10?
True
Let t be (-10)/25 - (9084/(-20))/3. Let l = 18 + t. Is l a multiple of 13?
True
Let j(a) = 598*a + 835. Is 49 a factor of j(12)?
False
Let o be (-3 - 6/(-9))*-6. Suppose -o = -3*a + 4. Does 12 divide -2 + a + 18 + -5?
False
Let h(y) = 5*y**2 + 14*y + 6. Suppose -2*s - 5*p - 8 - 4 = 0, 0 = -2*p. Does 6 divide h(s)?
True
Suppose -2*q = -10, -q - 12 = -j - 3*q. Let v be (-5)/j*(6 - 8). Suppose 0 = -0*u - v*u + 300. Is 15 a factor of u?
True
Let m be (-26)/52*(-2 - 2)*161. Suppose -3*h + 6 = 0, 3*f + 2*f - 1018 = -4*h. Let l = m - f. Does 15 divide l?
True
Let v(l) = l**3 - 9*l**2 + l + 51. Let i be v(8). Let k(a) = 5*a**2 - 10*a - 65. Is 6 a factor of k(i)?
False
Let n(d) = -d**3 - 13*d**2 + 15*d + 6. Let m be n(-13). Let x be m/(-3) - 9/3. Let z = x + -48. Is 2 a factor of z?
True
Let c be ((-216)/(-6))/((-3)/4). Let h = c + 581. Does 41 divide h?
True
Let r(b) = 83*b - 1. Let c be r(7). Suppose 3*x + 293 = y, -3*x - c = -2*y - 0*x. Is 7 a factor of y?
True
Suppose 5*b - 2*b - 768 = 3*i, 0 = i - 4*b + 262. Let o = i + 446. Is 18 a factor of o?
False
Let q(o) = -30*o + 98. Let i be q(4). Is 7 a factor of 11*i*1/(-2)?
False
Suppose 63 = z + 61. Suppose 3*s - 18 = z*s. Suppose -14*u = -13*u - s. Is u a multiple of 9?
True
Let y = -99 + 104. Suppose -4*n - y*n = -27. Is 20 a factor of (-32)/n*(-90)/24?
True
Suppose 2*h + 10*x = 35810, -x = -5 + 4. Is h a multiple of 16?
False
Does 124 divide (-25 + -9)/((-7)/1302)?
True
Let t(y) = 101*y - 339. Does 10 divide t(7)?
False
Suppose -23*f + 19*f = -5*p - 4291, 2147 = 2*f - p. Does 6 divide f?
True
Suppose -22241 = -3*v - 17*v + 58919. Is v a multiple of 5?
False
Let m(y) = y**3 - 9*y**2 + 5*y + 21. Let q be m(6). Let a = 834 - q. Is a a multiple of 22?
False
Suppose 1 + 2 = -3*s. Let q be (((-55)/(-20))/11)/((-7)/(-2828)). Is 30 a factor of q - 8 - (4/s - 0)?
False
Suppose 0 = -18*k + 30*k - 84. Is 13 a factor of k/5*(33 - -32)?
True
Let i(j) = 1526*j - 4159. Is i(3) a multiple of 7?
False
Let h(l) be the first derivative of -1/3*l**3 - 17 + 5*l - 7*l**2. Is h(-10) a multiple of 9?
True
Let r(c) be the third derivative of c**6/120 - 7*c**5/60 + 5*c**4/8 - 3*c**3/2 + 20*c**2. Does 45 divide r(6)?
True
Suppose h + 2*h - 12 = 0. Suppose -h*s + 2*j - 3*j = -596, -2*s - 2*j = -298. Does 6 divide s?
False
Let c = -101 - -104. Suppose c*u - 1632 = -3*b, -3*b + 1628 = -2*u + u. Is b a multiple of 20?
False
Suppose -15720*f + 15708*f = -9176 - 5176. Is 23 a factor of f?
True
Let u(m) = 5*m**2 - 227*m - 318. Does 249 divide u(88)?
True
Let f(a) = 2*a + 38. Let k(r) = 2*r - 11. Let l be k(-6). Let q be f(l). Let x = -4 - q. Is 2 a factor of x?
True
Suppose -15 = 5*v - 5. Let r be (v - (0 - 7))/((-1)/(-2)). Suppose r = -2*i + 306. Is i a multiple of 37?
True
Suppose -8514*a + 789849 = -8457*a. Does 4 divide a?
False
Let q = 265 + -259. Is 13 a factor of -3*q/((-54)/1047)?
False
Suppose -f + 5 + 20 = 0. Let z = 25 - f. Suppose -4*h - 5*n + 140 + 95 = z, -175 = -3*h - 5*n. Does 12 divide h?
True
Is 4/(-5) + (-142313652)/(-2340) a multiple of 13?
False
Let x(j) = -34*j**3 - 9*j**2 - 64*j + 30. Does 21 divide x(-6)?
True
Let b be (-1)/(6/(-20)*26/39). Suppose 3*j + 5*u - 915 = -2*j, -3*j + 581 = -b*u. Does 11 divide j?
True
Suppose 0 = 11*r - 9*r + 794. Let k = 2 - r. Is 3 a factor of k?
True
Su